{"id":6864,"date":"2023-11-11T20:30:15","date_gmt":"2023-11-11T19:30:15","guid":{"rendered":"https:\/\/www.test.neoprojet.be\/?page_id=6864"},"modified":"2024-03-09T23:11:54","modified_gmt":"2024-03-09T22:11:54","slug":"la-compagnie-2","status":"publish","type":"page","link":"https:\/\/www.test.neoprojet.be\/index.php\/la-compagnie-2\/","title":{"rendered":"La compagnie"},"content":{"rendered":"\t\t<div data-elementor-type=\"wp-post\" data-elementor-id=\"6864\" class=\"elementor elementor-6864\">\n\t\t\t\t\t\t\t<div class=\"elementor-element elementor-element-eb484d4 e-flex e-con-boxed e-con e-parent\" data-id=\"eb484d4\" data-element_type=\"container\" data-settings=\"{&quot;content_width&quot;:&quot;boxed&quot;}\" data-core-v316-plus=\"true\">\n\t\t\t\t\t<div class=\"e-con-inner\">\n\t\t<div class=\"elementor-element elementor-element-47e11a6 e-con-full e-flex e-con e-child\" data-id=\"47e11a6\" data-element_type=\"container\" data-settings=\"{&quot;content_width&quot;:&quot;full&quot;}\">\n\t\t\t\t<div class=\"elementor-element elementor-element-ff17098 elementor-widget-divider--view-line elementor-widget elementor-widget-divider\" data-id=\"ff17098\" data-element_type=\"widget\" data-widget_type=\"divider.default\">\n\t\t\t\t<div class=\"elementor-widget-container\">\n\t\t\t<style>\/*! elementor - v3.17.0 - 01-11-2023 *\/\n.elementor-widget-divider{--divider-border-style:none;--divider-border-width:1px;--divider-color:#0c0d0e;--divider-icon-size:20px;--divider-element-spacing:10px;--divider-pattern-height:24px;--divider-pattern-size:20px;--divider-pattern-url:none;--divider-pattern-repeat:repeat-x}.elementor-widget-divider .elementor-divider{display:flex}.elementor-widget-divider .elementor-divider__text{font-size:15px;line-height:1;max-width:95%}.elementor-widget-divider .elementor-divider__element{margin:0 var(--divider-element-spacing);flex-shrink:0}.elementor-widget-divider .elementor-icon{font-size:var(--divider-icon-size)}.elementor-widget-divider .elementor-divider-separator{display:flex;margin:0;direction:ltr}.elementor-widget-divider--view-line_icon .elementor-divider-separator,.elementor-widget-divider--view-line_text .elementor-divider-separator{align-items:center}.elementor-widget-divider--view-line_icon .elementor-divider-separator:after,.elementor-widget-divider--view-line_icon .elementor-divider-separator:before,.elementor-widget-divider--view-line_text .elementor-divider-separator:after,.elementor-widget-divider--view-line_text .elementor-divider-separator:before{display:block;content:\"\";border-bottom:0;flex-grow:1;border-top:var(--divider-border-width) var(--divider-border-style) var(--divider-color)}.elementor-widget-divider--element-align-left .elementor-divider .elementor-divider-separator>.elementor-divider__svg:first-of-type{flex-grow:0;flex-shrink:100}.elementor-widget-divider--element-align-left .elementor-divider-separator:before{content:none}.elementor-widget-divider--element-align-left .elementor-divider__element{margin-left:0}.elementor-widget-divider--element-align-right .elementor-divider .elementor-divider-separator>.elementor-divider__svg:last-of-type{flex-grow:0;flex-shrink:100}.elementor-widget-divider--element-align-right .elementor-divider-separator:after{content:none}.elementor-widget-divider--element-align-right .elementor-divider__element{margin-right:0}.elementor-widget-divider:not(.elementor-widget-divider--view-line_text):not(.elementor-widget-divider--view-line_icon) .elementor-divider-separator{border-top:var(--divider-border-width) var(--divider-border-style) var(--divider-color)}.elementor-widget-divider--separator-type-pattern{--divider-border-style:none}.elementor-widget-divider--separator-type-pattern.elementor-widget-divider--view-line .elementor-divider-separator,.elementor-widget-divider--separator-type-pattern:not(.elementor-widget-divider--view-line) .elementor-divider-separator:after,.elementor-widget-divider--separator-type-pattern:not(.elementor-widget-divider--view-line) .elementor-divider-separator:before,.elementor-widget-divider--separator-type-pattern:not([class*=elementor-widget-divider--view]) .elementor-divider-separator{width:100%;min-height:var(--divider-pattern-height);-webkit-mask-size:var(--divider-pattern-size) 100%;mask-size:var(--divider-pattern-size) 100%;-webkit-mask-repeat:var(--divider-pattern-repeat);mask-repeat:var(--divider-pattern-repeat);background-color:var(--divider-color);-webkit-mask-image:var(--divider-pattern-url);mask-image:var(--divider-pattern-url)}.elementor-widget-divider--no-spacing{--divider-pattern-size:auto}.elementor-widget-divider--bg-round{--divider-pattern-repeat:round}.rtl .elementor-widget-divider .elementor-divider__text{direction:rtl}.e-con-inner>.elementor-widget-divider,.e-con>.elementor-widget-divider{width:var(--container-widget-width,100%);--flex-grow:var(--container-widget-flex-grow)}<\/style>\t\t<div class=\"elementor-divider\">\n\t\t\t<span class=\"elementor-divider-separator\">\n\t\t\t\t\t\t<\/span>\n\t\t<\/div>\n\t\t\t\t<\/div>\n\t\t\t\t<\/div>\n\t\t\t\t<\/div>\n\t\t<div class=\"elementor-element elementor-element-592187e e-con-full e-flex e-con e-child\" data-id=\"592187e\" data-element_type=\"container\" data-settings=\"{&quot;content_width&quot;:&quot;full&quot;}\">\n\t\t\t\t<div class=\"elementor-element elementor-element-ee6891d elementor-widget elementor-widget-heading\" data-id=\"ee6891d\" data-element_type=\"widget\" data-widget_type=\"heading.default\">\n\t\t\t\t<div class=\"elementor-widget-container\">\n\t\t\t<style>\/*! elementor - v3.17.0 - 01-11-2023 *\/\n.elementor-heading-title{padding:0;margin:0;line-height:1}.elementor-widget-heading .elementor-heading-title[class*=elementor-size-]>a{color:inherit;font-size:inherit;line-height:inherit}.elementor-widget-heading .elementor-heading-title.elementor-size-small{font-size:15px}.elementor-widget-heading .elementor-heading-title.elementor-size-medium{font-size:19px}.elementor-widget-heading .elementor-heading-title.elementor-size-large{font-size:29px}.elementor-widget-heading .elementor-heading-title.elementor-size-xl{font-size:39px}.elementor-widget-heading .elementor-heading-title.elementor-size-xxl{font-size:59px}<\/style><h3 class=\"elementor-heading-title elementor-size-default\">La compagnie Balancetoi\n<\/h3>\t\t<\/div>\n\t\t\t\t<\/div>\n\t\t\t\t<\/div>\n\t\t<div class=\"elementor-element elementor-element-be821d4 e-con-full e-flex e-con e-child\" data-id=\"be821d4\" data-element_type=\"container\" data-settings=\"{&quot;content_width&quot;:&quot;full&quot;}\">\n\t\t\t\t<div class=\"elementor-element elementor-element-e30d0d9 elementor-widget-divider--view-line elementor-widget elementor-widget-divider\" data-id=\"e30d0d9\" data-element_type=\"widget\" data-widget_type=\"divider.default\">\n\t\t\t\t<div class=\"elementor-widget-container\">\n\t\t\t\t\t<div class=\"elementor-divider\">\n\t\t\t<span class=\"elementor-divider-separator\">\n\t\t\t\t\t\t<\/span>\n\t\t<\/div>\n\t\t\t\t<\/div>\n\t\t\t\t<\/div>\n\t\t\t\t<\/div>\n\t\t\t\t\t<\/div>\n\t\t\t\t<\/div>\n\t\t<div class=\"elementor-element elementor-element-f3a7f5c e-flex e-con-boxed e-con e-parent\" data-id=\"f3a7f5c\" data-element_type=\"container\" data-settings=\"{&quot;content_width&quot;:&quot;boxed&quot;}\" data-core-v316-plus=\"true\">\n\t\t\t\t\t<div class=\"e-con-inner\">\n\t\t\t\t<div class=\"elementor-element elementor-element-7b7abce elementor-widget elementor-widget-text-editor\" data-id=\"7b7abce\" data-element_type=\"widget\" data-widget_type=\"text-editor.default\">\n\t\t\t\t<div class=\"elementor-widget-container\">\n\t\t\t<style>\/*! elementor - v3.17.0 - 01-11-2023 *\/\n.elementor-widget-text-editor.elementor-drop-cap-view-stacked .elementor-drop-cap{background-color:#69727d;color:#fff}.elementor-widget-text-editor.elementor-drop-cap-view-framed .elementor-drop-cap{color:#69727d;border:3px solid;background-color:transparent}.elementor-widget-text-editor:not(.elementor-drop-cap-view-default) .elementor-drop-cap{margin-top:8px}.elementor-widget-text-editor:not(.elementor-drop-cap-view-default) .elementor-drop-cap-letter{width:1em;height:1em}.elementor-widget-text-editor .elementor-drop-cap{float:left;text-align:center;line-height:1;font-size:50px}.elementor-widget-text-editor .elementor-drop-cap-letter{display:inline-block}<\/style>\t\t\t\tLa Compagnie <strong>Balancetoi<\/strong> est une <strong>compagnie belge<\/strong> de <strong>cirque<\/strong> et <strong>th\u00e9\u00e2tre<\/strong> fond\u00e9e en 2016.\n\nElle est le fruit de la rencontre entre <strong>Sara<\/strong> Mart\u00ednez, <strong>Charlotte<\/strong> Cornet et <strong>Valentin<\/strong> Stalins qui, apr\u00e8s leur formation \u00e0 l\u2019Ecole internationale de cirque de Grenade (Espagne), se retrouvent \u00e0 Bruxelles.\n\nLe nom de la compagnie, initialement orthographi\u00e9 \u00ab Bah, lance-toi ! \u00bb est, entre autres tir\u00e9 du parcours des trois artistes, qui apr\u00e8s des \u00e9tudes relativement classiques (\u00e0 savoir professeur, juriste et ing\u00e9nieur de gestion) d\u00e9cident de se lancer dans la belle aventure de la <strong>cr\u00e9ation artistique<\/strong>.\t\t\t\t\t\t<\/div>\n\t\t\t\t<\/div>\n\t\t\t\t\t<\/div>\n\t\t\t\t<\/div>\n\t\t<div class=\"elementor-element elementor-element-a6ef821 e-flex e-con-boxed e-con e-parent\" data-id=\"a6ef821\" data-element_type=\"container\" data-settings=\"{&quot;content_width&quot;:&quot;boxed&quot;}\" data-core-v316-plus=\"true\">\n\t\t\t\t\t<div class=\"e-con-inner\">\n\t\t\t\t<div class=\"elementor-element elementor-element-3b2ba5a elementor-widget elementor-widget-spacer\" data-id=\"3b2ba5a\" data-element_type=\"widget\" data-widget_type=\"spacer.default\">\n\t\t\t\t<div class=\"elementor-widget-container\">\n\t\t\t<style>\/*! elementor - v3.17.0 - 01-11-2023 *\/\n.elementor-column .elementor-spacer-inner{height:var(--spacer-size)}.e-con{--container-widget-width:100%}.e-con-inner>.elementor-widget-spacer,.e-con>.elementor-widget-spacer{width:var(--container-widget-width,var(--spacer-size));--align-self:var(--container-widget-align-self,initial);--flex-shrink:0}.e-con-inner>.elementor-widget-spacer>.elementor-widget-container,.e-con>.elementor-widget-spacer>.elementor-widget-container{height:100%;width:100%}.e-con-inner>.elementor-widget-spacer>.elementor-widget-container>.elementor-spacer,.e-con>.elementor-widget-spacer>.elementor-widget-container>.elementor-spacer{height:100%}.e-con-inner>.elementor-widget-spacer>.elementor-widget-container>.elementor-spacer>.elementor-spacer-inner,.e-con>.elementor-widget-spacer>.elementor-widget-container>.elementor-spacer>.elementor-spacer-inner{height:var(--container-widget-height,var(--spacer-size))}.e-con-inner>.elementor-widget-spacer.elementor-widget-empty,.e-con>.elementor-widget-spacer.elementor-widget-empty{position:relative;min-height:22px;min-width:22px}.e-con-inner>.elementor-widget-spacer.elementor-widget-empty .elementor-widget-empty-icon,.e-con>.elementor-widget-spacer.elementor-widget-empty .elementor-widget-empty-icon{position:absolute;top:0;bottom:0;left:0;right:0;margin:auto;padding:0;width:22px;height:22px}<\/style>\t\t<div class=\"elementor-spacer\">\n\t\t\t<div class=\"elementor-spacer-inner\"><\/div>\n\t\t<\/div>\n\t\t\t\t<\/div>\n\t\t\t\t<\/div>\n\t\t\t\t\t<\/div>\n\t\t\t\t<\/div>\n\t\t<div class=\"elementor-element elementor-element-83fcc03 e-flex e-con-boxed e-con e-parent\" data-id=\"83fcc03\" data-element_type=\"container\" data-settings=\"{&quot;content_width&quot;:&quot;boxed&quot;}\" data-core-v316-plus=\"true\">\n\t\t\t\t\t<div class=\"e-con-inner\">\n\t\t\t\t<div class=\"elementor-element elementor-element-55655bd elementor-widget elementor-widget-heading\" data-id=\"55655bd\" data-element_type=\"widget\" data-widget_type=\"heading.default\">\n\t\t\t\t<div class=\"elementor-widget-container\">\n\t\t\t<h5 class=\"elementor-heading-title elementor-size-default\">Les membres de la compagnie CIE Balancetoi\n<\/h5>\t\t<\/div>\n\t\t\t\t<\/div>\n\t\t\t\t\t<\/div>\n\t\t\t\t<\/div>\n\t\t<div class=\"elementor-element elementor-element-5682bf0 e-con-full e-flex e-con e-parent\" data-id=\"5682bf0\" data-element_type=\"container\" data-settings=\"{&quot;content_width&quot;:&quot;full&quot;}\" data-core-v316-plus=\"true\">\n\t\t<div class=\"elementor-element elementor-element-162d502 e-con-full e-flex e-con e-child\" data-id=\"162d502\" data-element_type=\"container\" data-settings=\"{&quot;content_width&quot;:&quot;full&quot;}\">\n\t\t\t\t<div class=\"elementor-element elementor-element-2f06e29 elementor-widget elementor-widget-image\" data-id=\"2f06e29\" data-element_type=\"widget\" data-widget_type=\"image.default\">\n\t\t\t\t<div class=\"elementor-widget-container\">\n\t\t\t<style>\/*! elementor - v3.17.0 - 01-11-2023 *\/\n.elementor-widget-image{text-align:center}.elementor-widget-image a{display:inline-block}.elementor-widget-image a img[src$=\".svg\"]{width:48px}.elementor-widget-image img{vertical-align:middle;display:inline-block}<\/style>\t\t\t\t\t\t\t\t\t\t\t\t<img fetchpriority=\"high\" decoding=\"async\" width=\"1024\" height=\"683\" src=\"https:\/\/www.test.neoprojet.be\/wp-content\/uploads\/2023\/11\/Vsbd-CieBalanceToi-8credit-Marine-Vasbinder-1024x683.jpg\" class=\"attachment-large size-large wp-image-6393\" alt=\"Photo de profil de Charlotte\" srcset=\"https:\/\/www.test.neoprojet.be\/wp-content\/uploads\/2023\/11\/Vsbd-CieBalanceToi-8credit-Marine-Vasbinder-1024x683.jpg 1024w, https:\/\/www.test.neoprojet.be\/wp-content\/uploads\/2023\/11\/Vsbd-CieBalanceToi-8credit-Marine-Vasbinder-300x200.jpg 300w, https:\/\/www.test.neoprojet.be\/wp-content\/uploads\/2023\/11\/Vsbd-CieBalanceToi-8credit-Marine-Vasbinder-768x512.jpg 768w, https:\/\/www.test.neoprojet.be\/wp-content\/uploads\/2023\/11\/Vsbd-CieBalanceToi-8credit-Marine-Vasbinder-1536x1024.jpg 1536w, https:\/\/www.test.neoprojet.be\/wp-content\/uploads\/2023\/11\/Vsbd-CieBalanceToi-8credit-Marine-Vasbinder-2048x1365.jpg 2048w, https:\/\/www.test.neoprojet.be\/wp-content\/uploads\/2023\/11\/Vsbd-CieBalanceToi-8credit-Marine-Vasbinder-600x400.jpg 600w\" sizes=\"(max-width: 1024px) 100vw, 1024px\" \/>\t\t\t\t\t\t\t\t\t\t\t\t\t\t\t<\/div>\n\t\t\t\t<\/div>\n\t\t\t\t<\/div>\n\t\t<div class=\"elementor-element elementor-element-931901a e-con-full e-flex e-con e-child\" data-id=\"931901a\" data-element_type=\"container\" data-settings=\"{&quot;content_width&quot;:&quot;full&quot;}\">\n\t\t\t\t<div class=\"elementor-element elementor-element-751e205 elementor-widget elementor-widget-image\" data-id=\"751e205\" data-element_type=\"widget\" data-widget_type=\"image.default\">\n\t\t\t\t<div class=\"elementor-widget-container\">\n\t\t\t\t\t\t\t\t\t\t\t\t\t\t\t<img decoding=\"async\" width=\"1024\" height=\"683\" src=\"https:\/\/www.test.neoprojet.be\/wp-content\/uploads\/2023\/11\/Vsbd-CieBalanceToi-Credit_-Marine-Vasbinder-25-1024x683.jpg\" class=\"attachment-large size-large wp-image-6395\" alt=\"\" srcset=\"https:\/\/www.test.neoprojet.be\/wp-content\/uploads\/2023\/11\/Vsbd-CieBalanceToi-Credit_-Marine-Vasbinder-25-1024x683.jpg 1024w, https:\/\/www.test.neoprojet.be\/wp-content\/uploads\/2023\/11\/Vsbd-CieBalanceToi-Credit_-Marine-Vasbinder-25-300x200.jpg 300w, https:\/\/www.test.neoprojet.be\/wp-content\/uploads\/2023\/11\/Vsbd-CieBalanceToi-Credit_-Marine-Vasbinder-25-768x512.jpg 768w, https:\/\/www.test.neoprojet.be\/wp-content\/uploads\/2023\/11\/Vsbd-CieBalanceToi-Credit_-Marine-Vasbinder-25-1536x1024.jpg 1536w, https:\/\/www.test.neoprojet.be\/wp-content\/uploads\/2023\/11\/Vsbd-CieBalanceToi-Credit_-Marine-Vasbinder-25-2048x1365.jpg 2048w, https:\/\/www.test.neoprojet.be\/wp-content\/uploads\/2023\/11\/Vsbd-CieBalanceToi-Credit_-Marine-Vasbinder-25-600x400.jpg 600w\" sizes=\"(max-width: 1024px) 100vw, 1024px\" \/>\t\t\t\t\t\t\t\t\t\t\t\t\t\t\t<\/div>\n\t\t\t\t<\/div>\n\t\t\t\t<\/div>\n\t\t<div class=\"elementor-element elementor-element-a4a7444 e-con-full e-flex e-con e-child\" data-id=\"a4a7444\" data-element_type=\"container\" data-settings=\"{&quot;content_width&quot;:&quot;full&quot;}\">\n\t\t\t\t<div class=\"elementor-element elementor-element-9f5119e elementor-widget elementor-widget-image\" data-id=\"9f5119e\" data-element_type=\"widget\" data-widget_type=\"image.default\">\n\t\t\t\t<div class=\"elementor-widget-container\">\n\t\t\t\t\t\t\t\t\t\t\t\t\t\t\t<img decoding=\"async\" width=\"1024\" height=\"683\" src=\"https:\/\/www.test.neoprojet.be\/wp-content\/uploads\/2023\/11\/Vsbd-CieBalanceToi-10-credit-Marine-Vasbinder-1024x683.jpg\" class=\"attachment-large size-large wp-image-6394\" alt=\"\" srcset=\"https:\/\/www.test.neoprojet.be\/wp-content\/uploads\/2023\/11\/Vsbd-CieBalanceToi-10-credit-Marine-Vasbinder-1024x683.jpg 1024w, https:\/\/www.test.neoprojet.be\/wp-content\/uploads\/2023\/11\/Vsbd-CieBalanceToi-10-credit-Marine-Vasbinder-300x200.jpg 300w, https:\/\/www.test.neoprojet.be\/wp-content\/uploads\/2023\/11\/Vsbd-CieBalanceToi-10-credit-Marine-Vasbinder-768x512.jpg 768w, https:\/\/www.test.neoprojet.be\/wp-content\/uploads\/2023\/11\/Vsbd-CieBalanceToi-10-credit-Marine-Vasbinder-1536x1024.jpg 1536w, https:\/\/www.test.neoprojet.be\/wp-content\/uploads\/2023\/11\/Vsbd-CieBalanceToi-10-credit-Marine-Vasbinder-2048x1365.jpg 2048w, https:\/\/www.test.neoprojet.be\/wp-content\/uploads\/2023\/11\/Vsbd-CieBalanceToi-10-credit-Marine-Vasbinder-600x400.jpg 600w\" sizes=\"(max-width: 1024px) 100vw, 1024px\" \/>\t\t\t\t\t\t\t\t\t\t\t\t\t\t\t<\/div>\n\t\t\t\t<\/div>\n\t\t\t\t<\/div>\n\t\t\t\t<\/div>\n\t\t<div class=\"elementor-element elementor-element-98ac5e3 e-con-full e-flex e-con e-parent\" data-id=\"98ac5e3\" data-element_type=\"container\" data-settings=\"{&quot;content_width&quot;:&quot;full&quot;}\" data-core-v316-plus=\"true\">\n\t\t<div class=\"elementor-element elementor-element-16501ec e-con-full e-flex e-con e-child\" data-id=\"16501ec\" data-element_type=\"container\" data-settings=\"{&quot;content_width&quot;:&quot;full&quot;}\">\n\t\t\t\t<div class=\"elementor-element elementor-element-9bdca62 elementor-widget elementor-widget-text-editor\" data-id=\"9bdca62\" data-element_type=\"widget\" data-widget_type=\"text-editor.default\">\n\t\t\t\t<div class=\"elementor-widget-container\">\n\t\t\t\t\t\t\t<strong><h6>Charlotte<\/strong>.<br><\/h6>\nCha, c\u2019est la terre \u00e0 terre de la compagnie ! Si elle n\u2019\u00e9tait pas l\u00e0 pour fixer la date et l\u2019heure des r\u00e9p\u00e9titions, on en serait toujours \u00e0 r\u00eaver de spectacles autour d\u2019un caf\u00e9. Malgr\u00e9 ses pieds sur terre, elle aime passer du temps la t\u00eate \u00e0 l\u2019envers \u00e0 l\u2019entrainement ainsi qu\u2019en spectacle !\t\t\t\t\t\t<\/div>\n\t\t\t\t<\/div>\n\t\t\t\t<\/div>\n\t\t<div class=\"elementor-element elementor-element-5a6eb1a e-con-full e-flex e-con e-child\" data-id=\"5a6eb1a\" data-element_type=\"container\" data-settings=\"{&quot;content_width&quot;:&quot;full&quot;}\">\n\t\t\t\t<div class=\"elementor-element elementor-element-688f0f2 elementor-widget elementor-widget-text-editor\" data-id=\"688f0f2\" data-element_type=\"widget\" data-widget_type=\"text-editor.default\">\n\t\t\t\t<div class=\"elementor-widget-container\">\n\t\t\t\t\t\t\t<h6><strong>Sara<\/strong>,<\/h6>\nc\u2019est la petite note exotique de la compagnie. Espagnole d\u2019origine, elle adore le contact humain et les bonnes blagues. C\u2019est la \u00ab public relation \u00bb de notre groupe. Elle a pos\u00e9 ses valises \u00e0 Bruxelles en septembre 2013 et ni la pluie, ni le ciel gris ne l\u2019en ont encore chass\u00e9e. S\u2019il vous arrive d\u2019arpenter les trottoirs bruxellois, vous risquez fort de la croiser sur sa b\u00e9cane, bien emmitoufl\u00e9e !\nValentin\t\t\t\t\t\t<\/div>\n\t\t\t\t<\/div>\n\t\t\t\t<\/div>\n\t\t<div class=\"elementor-element elementor-element-d1c78d3 e-con-full e-flex e-con e-child\" data-id=\"d1c78d3\" data-element_type=\"container\" data-settings=\"{&quot;content_width&quot;:&quot;full&quot;}\">\n\t\t\t\t<div class=\"elementor-element elementor-element-af9706a elementor-widget elementor-widget-text-editor\" data-id=\"af9706a\" data-element_type=\"widget\" data-widget_type=\"text-editor.default\">\n\t\t\t\t<div class=\"elementor-widget-container\">\n\t\t\t\t\t\t\t<h6><strong>Valentin<\/strong><\/h6>\nVal, c\u2019est le casse-cou de la compagnie ! C\u2019est probablement pour \u00e7a qu\u2019il est tomb\u00e9 amoureux de l\u2019acrobatie \u00e0 la fin de ses \u00e9tudes de droit. Il aime que tout soit parfaitement parfait (probablement une d\u00e9formation li\u00e9e \u00e0 sa formation) et malgr\u00e9 qu\u2019il d\u00e9plore son manque de souplesse, il n\u2019h\u00e9site jamais plus d\u2019une seconde pour se plier en quatre pour les autres !\t\t\t\t\t\t<\/div>\n\t\t\t\t<\/div>\n\t\t\t\t<\/div>\n\t\t\t\t<\/div>\n\t\t\t\t\t\t\t<\/div>\n\t\t","protected":false},"excerpt":{"rendered":"<p>La compagnie Balancetoi La Compagnie Balancetoi est une compagnie belge de cirque et th\u00e9\u00e2tre fond\u00e9e en 2016. Elle est le fruit de la rencontre entre Sara Mart\u00ednez, Charlotte Cornet et Valentin Stalins qui, apr\u00e8s leur formation \u00e0 l\u2019Ecole internationale de cirque de Grenade (Espagne), se retrouvent \u00e0 Bruxelles. Le nom de la compagnie, initialement orthographi\u00e9&#8230;<\/p>\n","protected":false},"author":1,"featured_media":0,"parent":0,"menu_order":0,"comment_status":"closed","ping_status":"closed","template":"","meta":{"footnotes":""},"class_list":["post-6864","page","type-page","status-publish","hentry"],"_links":{"self":[{"href":"https:\/\/www.test.neoprojet.be\/index.php\/wp-json\/wp\/v2\/pages\/6864","targetHints":{"allow":["GET"]}}],"collection":[{"href":"https:\/\/www.test.neoprojet.be\/index.php\/wp-json\/wp\/v2\/pages"}],"about":[{"href":"https:\/\/www.test.neoprojet.be\/index.php\/wp-json\/wp\/v2\/types\/page"}],"author":[{"embeddable":true,"href":"https:\/\/www.test.neoprojet.be\/index.php\/wp-json\/wp\/v2\/users\/1"}],"replies":[{"embeddable":true,"href":"https:\/\/www.test.neoprojet.be\/index.php\/wp-json\/wp\/v2\/comments?post=6864"}],"version-history":[{"count":4,"href":"https:\/\/www.test.neoprojet.be\/index.php\/wp-json\/wp\/v2\/pages\/6864\/revisions"}],"predecessor-version":[{"id":6868,"href":"https:\/\/www.test.neoprojet.be\/index.php\/wp-json\/wp\/v2\/pages\/6864\/revisions\/6868"}],"wp:attachment":[{"href":"https:\/\/www.test.neoprojet.be\/index.php\/wp-json\/wp\/v2\/media?parent=6864"}],"curies":[{"name":"wp","href":"https:\/\/api.w.org\/{rel}","templated":true}]}}